ainder when y is divided by 20?
19
Let v be (4 - 3)/(1/2). Let g be v/(-6) - 7/(-3). Suppose -g*z = -64 + 20. What is the remainder when 42 is divided by z?
20
Suppose 4 = 4*t, -o = -4*o + 4*t + 11. Let h(y) = 5*y - 1. Let s be h(4). Suppose 2*c - s - 9 = 0. Calculate the remainder when c is divided by o.
4
Suppose -2*x = -0*x. Suppose -4*y + 35 = s, 2*y - 3*s = 7 - x. Suppose 25 = 3*q + 4*l, 4*l = -0*q + 5*q - 95. Calculate the remainder when q is divided by y.
7
Suppose 5*k = 6 + 214. Calculate the remainder when k is divided by 9.
8
Let h be ((-20)/8)/((-2)/(-4)). Let t = 3 + h. What is the remainder when (-24)/(-14) + t/(-7) is divided by 2?
0
Let v(g) = -2*g + 27. What is the remainder when 128 is divided by v(5)?
9
Let k = -2 - -5. Suppose 3 = k*q - 3. What is the remainder when 21 is divided by 44/2*1/q?
10
Let l be (-38)/(-14) + 2/7. Suppose -22 = -5*x - 3*b, -x + b - l*b = -3. Let k = -2 + x. What is the remainder when 8 is divided by k?
2
Let o = -4 - -26. Suppose 4 = w + 2*n, -28 = -5*w - 2*n - 0*n. What is the remainder when o is divided by w?
4
What is the remainder when 144 is divided by 3 - -6*(-6)/(-2)?
18
Let v(i) = -2*i + 22. Calculate the remainder when v(-9) is divided by 6.
4
Suppose -2*x - 94 = 158. What is the remainder when ((-2)/6)/(6/x) is divided by 3?
1
Let c = -3 + 10. Calculate the remainder when c is divided by 3.
1
Let y(w) = -17*w - 1. What is the remainder when 61 is divided by y(-1)?
13
Suppose 210 + 250 = -5*u. What is the remainder when u/(-5) + 2/(-5) is divided by 7?
4
Suppose 97 = 4*h + 5*s, -4*h = s - 3*s - 62. Calculate the remainder when 123 is divided by h.
15
Suppose -15 = o - 5*w - 56, 12 = 2*o + 4*w. Calculate the remainder when 111 is divided by o.
15
Suppose -3*m = -5*m - 4*x + 30, 2*x - 30 = -2*m. Let b be 3 - (2/2 - 2). Suppose j - 40 = -b*j. Calculate the remainder when m is divided by j.
7
Let l = -902 + 503. What is the remainder when (-9)/(-6) + l/(-6) is divided by 23?
22
Let i(f) = 17*f**2 + 2*f + 1. Let o be i(-1). Let b(g) = g**2 + 2*g - 2. What is the remainder when b(5) is divided by ((-16)/(-10))/(o/120)?
9
Suppose 0 = 92*q - 94*q + 86. Calculate the remainder when q is divided by 16.
11
Let h = -4 + 4. Suppose h = -5*k + 10, -3*b + 76 = b - 2*k. Calculate the remainder when b is divided by 7.
6
Let f = 12 + -38. Let b = f + 85. What is the remainder when b is divided by 15?
14
Let c(j) = -j**2 - j + 5. Let l be c(0). Suppose 0*y - 5*y - 2*h = -333, l*h = 2*y - 110. Calculate the remainder when y is divided by 11.
10
Let i(y) = y**2 + 13*y - 9. What is the remainder when i(-14) is divided by 4?
1
Suppose 9*n - 994 = -5*n. What is the remainder when n is divided by 18?
17
Let a = 11 + -8. Calculate the remainder when ((-2)/3)/((-3 + -2)/45) is divided by a.
0
Let a(z) = -4*z - 7. Let k be a(-7). Let n = k + -6. Suppose -n = -j - 2. What is the remainder when j is divided by 5?
3
Suppose 2*h = u - 33, 4*h + 50 = 3*u - 13. Let n be -3 + (-115)/(-35) + (-474)/(-7). Let y = n + h. Calculate the remainder when y is divided by 13.
11
Let f = -10 - -30. Let l = f - -2. Calculate the remainder when l is divided by 8.
6
Let p(r) = r**2 - 2*r + 2. Calculate the remainder when 5 is divided by p(2).
1
Let m(d) = d**2 + 4*d + 17. What is the remainder when 27 + 3 - (-1 + -1) is divided by m(0)?
15
Suppose 6*k = 3*k + 33. What is the remainder when 31 is divided by k?
9
Suppose 0*q = -2*k + 3*q - 11, 0 = -3*k + 3*q - 9. Suppose -10 = 2*z + k*l, -l = 5*z - 3*l + 4. What is the remainder when 29 is divided by (z/(-5))/(2/80)?
13
Suppose 0 = -5*m - 2*v + 35, 0*v = -m - v + 10. Suppose 3*j + y - m = 3, -4*y = 2*j + 8. What is the remainder when 11 is divided by j?
3
What is the remainder when 103/15 - (-14)/105 is divided by 5?
2
Let w be ((-3)/2)/(3/(-6)). Suppose -5*t = -2*v - 180, w*t + 2*v - 48 = 2*t. What is the remainder when t is divided by 37/3 + 4/6?
12
Suppose -4*z + 3*l = -l - 188, 0 = z + 2*l - 41. What is the remainder when z is divided by 12?
9
Let m be 1/(2 + 27/(-13)). Let l = m + 21. Calculate the remainder when 23 is divided by l.
7
Let v(t) = t**2 + 3*t - 7. Let u be (-3)/6 + 22/(-4). Let n be (-3 + 0 - -3) + u. What is the remainder when v(n) is divided by 3?
2
Suppose c - 31 - 24 = 0. Suppose -u = 4*i + 3*u - 44, 5*i - 4*u - 82 = 0. What is the remainder when c is divided by i?
13
Suppose -21 + 59 = b. What is the remainder when b is divided by 10?
8
Let k = 52 + -5. What is the remainder when k is divided by 12?
11
Suppose 2*y + 13*y - 600 = 0. Calculate the remainder when y is divided by 14.
12
Suppose -12 = 2*y + 4*x, 0 = x + 2 + 2. Suppose 0 = b - 3*m, b - y = 2*m - m. Calculate the remainder when 7 is divided by b.
1
Let c = 72 - 48. What is the remainder when 93 is divided by c?
21
Let n = 20 - -12. What is the remainder when n is divided by 11?
10
Let z(x) = -2*x**2 - 2*x**3 + 3*x**3 - 3*x + x + 0*x. Let p be z(3). Suppose -6*f + 36 = -p*f. Calculate the remainder when 33 is divided by f.
9
Let y(c) = c**3 - 4*c**2 + 3*c - 1. What is the remainder when y(6) is divided by 31?
27
Suppose -3*x = -2*i + 44, 5*x - 3*i + 6*i + 105 = 0. Let s = x - -29. What is the remainder when 21 is divided by s?
10
Let k be 15/(-6*2/(-8)). Let d = k - -67. Suppose -2*n - 3*n + d = 4*q, -n - 2 = -5*q. Calculate the remainder when 24 is divided by n.
11
Let d(z) = -4*z - 1. What is the remainder when d(-10) is divided by 20?
19
Let v(u) = u**3 - u**2 + 14. Let w = -44 + 144. Let t = -60 + w. Calculate the remainder when t is divided by v(0).
12
Suppose -4*y + 5*k - 31 = 0, 3*y - 23 = 5*y + 5*k. Let d(i) = -i - 4. What is the remainder when 18 is divided by d(y)?
3
Suppose 1 = -4*q + 9. Suppose q*n + 46 = 4*r, -3*r - 4*n + 8*n = -22. What is the remainder when r is divided by 5?
4
Suppose 0*q + 5*g = -q + 18, -4*q = 4*g - 56. Calculate the remainder when q is divided by 4.
1
Suppose b - 3*b - 3*q + 12 = 0, 3*q = 2*b. What is the remainder when b is divided by 1?
0
Suppose -708 = -9*z - 3*z. Calculate the remainder when z is divided by 15.
14
Let q = -17 + -3. Let p = 2 + 41. What is the remainder when p is divided by ((-18)/(-12))/((-2)/q)?
13
Let a = 97 + -7. What is the remainder when a is divided by 7?
6
Let h(w) = 2*w**2 + 5*w + 2. Suppose -4*m + 4*r + 23 = -69, 4*r = -3*m + 34. Calculate the remainder when m is divided by h(-3).
3
Let m(j) = -j**2 - 9*j + 14. What is the remainder when 69 is divided by m(-9)?
13
Suppose -4*p = 4*y - 100, 2*p + 89*y - 59 = 90*y. Suppose 0 = i + 4*q - 22, -5*i + 21 = -5*q - 14. What is the remainder when p is divided by i?
8
Suppose 4*m - 128 = -0*m. Let b be (-15)/((-3)/(-1 + -2)). What is the remainder when m is divided by (2 + b/2)*-2?
10
Let p(b) = 5*b. Let z(q) = -6*q - 3 + 3*q**2 + 4*q**2 + 6 - 6*q**2. Let j be z(7). What is the remainder when p(j) is divided by 13?
11
Suppose -k = 12 - 18. What is the remainder when 7 is divided by k?
1
Let s = 26 - 18. What is the remainder when 47 is divided by s?
7
Suppose 0*n = 3*n + 102. Let v be 1 - 0 - (0 + 23). Let b = v - n. Calculate the remainder when 35 is divided by b.
11
Suppose -3*u + 1593 = 4*v, -v - 1073 = -3*u + u. Let h be u/25 - 4/10. Let s = 37 - h. What is the remainder when 46 is divided by s?
14
What is the remainder when (124/5)/(3/15) is divided by 25?
24
Suppose 0 = -4*k + 7*k - 144. Calculate the remainder when (k/18)/((-4)/(-78)) is divided by 18.
16
Suppose 3*y - 12 = 5*n, 2*y - 12 = 3*n - y. Suppose -2*p - 15 + 1 = n. What is the remainder when 18 is divided by (p/(-2))/((-5)/(-10))?
4
Let u be (2 + 6/(-3))/(-2). Let w(o) = o**2 - o**3 + 3 - 2 + 0*o**3. Calculate the remainder when 1 is divided by w(u).
0
Suppose 0 = -5*b - 4*t + 5 + 1, -t = 4*b - 7. What is the remainder when 15 is divided by b?
1
Let m(s) = -s - 3. Let f be m(-6). Let w(j) = j + 1. Let i(r) = -4*r + 1. Let n(o) = i(o) + 3*w(o). What is the remainder when n(f) is divided by 1?
0
Suppose -4*k + 13 + 51 = 0. Suppose 0 = 2*r - 33 - 61. What is the remainder when r is divided by k?
15
Suppose -2*s + 14 = -0*s. Suppose 3 = 3*g - 9. Suppose -g*q = -f - 56, -f + 0*f - 30 = -2*q. What is the remainder when q is divided by s?
6
Suppose -2*p + 32 = 3*h, 6*p - 2*p = -2*h + 72. What is the remainder when 75 is divided by p?
18
S